t s be (-28)/(-3) + (-7)/21. Suppose -s*x - 5 = -4*x. What is the remainder when (1014/(-65))/(x/5) is divided by 16?
14
Let h(s) = s**3 - s**2 - s + 52. Let j be h(0). Suppose -5*o + j = -0*t + t, 3*t - o - 188 = 0. Calculate the remainder when t is divided by 21.
20
Let o(c) = -4*c + 6. Let h be o(-1). Suppose 2*r + h - 30 = 0. What is the remainder when 16 is divided by r?
6
Suppose -27*n + 726 = -3189. Let v(k) = k**3 + 10*k**2 + 9*k. Let r be v(-9). Let p(i) = -i**2 + i + 37. Calculate the remainder when n is divided by p(r).
34
Let s(q) = 8*q**3 + 2*q**2 + 4*q + 6. Let n be s(-3). Let v = -29 - n. Calculate the remainder when v is divided by 36.
31
Let g = 80 - 17. Let x be (-4)/(3/(-3)) - -101. Suppose t - x = -4*t - 3*y, -3*t + 2*y + g = 0. What is the remainder when 39 is divided by t?
18
Let z be 658/2*(-9 + 10). Suppose -k - z = -8*k. Suppose k + 58 = 5*s. Calculate the remainder when s is divided by 13.
8
Let m(j) = -3*j**2 + 13*j - 18. Let h be m(3). Calculate the remainder when 99 is divided by (-34)/(-1 + (h - -5)).
14
Suppose -2*g = 2*j + g - 64, -4*g - 88 = -4*j. Suppose 0*n + j = c + 3*n, 3*c - 78 = n. What is the remainder when c is divided by 9?
8
Calculate the remainder when 4/((-3 - 2845/(-945)) + 0) is divided by 63.
0
Suppose -3*i = c - 103, -7*i = -12*i - c + 171. Calculate the remainder when 132 is divided by i.
30
Suppose 0 = -4*c - 4*c + 168. What is the remainder when c is divided by 11?
10
Suppose -176 = 674*q - 685*q. What is the remainder when ((-109)/2)/(8/(-16)) is divided by q?
13
Suppose 10*x - 618 = 2972. Calculate the remainder when x is divided by 41.
31
Suppose -3*c - 279 = -6*c. Suppose 4*q + c = 5*t, 2*q + t - 6*t = -49. What is the remainder when 21 is divided by 4/((-8)/q) - -1?
9
What is the remainder when (-6)/(-2) + (-1624)/(1 - 9) is divided by 30?
26
Suppose 5*c + 46 = 166. Let t = c + 3. Let a = 490 + -475. What is the remainder when t is divided by a?
12
Let w(g) = -g**3 + g**2 - 8*g + 5. Let b be w(0). Suppose 9*q - 84 = b*q. Calculate the remainder when 144 is divided by q.
18
Suppose 0 = -5*g + 36 - 16, 0 = 4*p - 4*g - 472. Calculate the remainder when p is divided by 55.
12
Suppose -5*h + 154 = -56. Suppose 4*i = 3*q + 45, 0 = i - 13*q + 9*q + 5. What is the remainder when h is divided by i?
12
Let s be (0 + 2)*(0 - -2). Suppose -y + 0*y + 155 = 5*h, 3*h - s*y - 93 = 0. What is the remainder when h is divided by 16?
15
Let o(x) = 37*x**2 + 13*x + 46. Calculate the remainder when o(-4) is divided by 28.
26
Let u = 253 + -230. What is the remainder when 34 is divided by u?
11
Let z(m) = 2*m**2 + 16*m + 7. What is the remainder when 17 is divided by z(-8)?
3
Suppose -5*q - 7 = -d, -2*q = d - 3*q - 11. Calculate the remainder when 214 is divided by d.
10
Suppose 2*c + 117 = 425. Calculate the remainder when c is divided by 39.
37
Let c = 5 + 3. Let s(z) = -2129*z + 1. Let q be s(1). Calculate the remainder when 1/(-6) - q/96 is divided by c.
6
Let i = -91 + 163. Calculate the remainder when i is divided by 15.
12
Let f = 47 + -108. Let g = -2 - f. Let c(u) = u**3 - 9*u**2 - 10*u + 15. What is the remainder when g is divided by c(10)?
14
Let t(z) = -72*z + 12. Let x be t(-4). Suppose -314 = -5*q + 4*a, 4*q - x = 2*a - 50. Calculate the remainder when q is divided by 22.
18
Let x(g) = 7*g - 35. Let b be x(6). Calculate the remainder when 19 is divided by (b - 8)*(-1 - 0)*6.
1
Let m(i) = i**2 - 14*i + 15. Let s be m(13). Suppose 4*c - 96 = -s*c. Suppose -5*u = -c - 4. Calculate the remainder when u is divided by 2.
0
Let t(b) = -b**3 - 11*b**2 - b + 5. Calculate the remainder when 76 is divided by t(-11).
12
Let g(v) = 8*v - 315. Calculate the remainder when 400 is divided by g(41).
10
Let z(a) = -a**2 - 10*a + 26. Calculate the remainder when 43 is divided by z(-11).
13
Suppose -r + 1 = 0, 4*a + 3*r - 373 = 18. Let n = 801 + -751. What is the remainder when a is divided by n?
47
Let h = 68 + -21. Let a(y) = y + 14. Let b be a(-9). Suppose 3*f - 2 - 4 = 0, 4*v + b*f - 74 = 0. Calculate the remainder when h is divided by v.
15
Let m be (-7)/28 + (-13)/(-4). Let s be (-45)/(-3) - 2 - m. Suppose -3*j + s = -68. What is the remainder when 76 is divided by j?
24
Suppose 3*a + 487 = 2*m, 5*a + 600 = -4*m - 197. Let s = a + 211. Calculate the remainder when s is divided by 4*2*(-13)/(-4).
24
Suppose -j + 2 = -4*t, j + t + 5 = -j. Suppose 8 = 5*n - 7. What is the remainder when (1/(-3))/(j/42) is divided by n?
1
Let b = 135 + -96. Calculate the remainder when b is divided by 21.
18
Suppose 2*x - 6*z - 20 = -4*z, 0 = -2*x - 5*z + 41. What is the remainder when 24 is divided by x?
11
Let p be (0*3/9)/(-3). Suppose 0 = 3*v + b - 17 - 23, -2*b = -v + 18. Suppose p*w = -2*w + v. What is the remainder when 27 is divided by w?
6
Let f(j) = -3*j**3 + 2*j**2 + j - 1. Calculate the remainder when f(-2) is divided by (13 + 15)/(14/4).
5
Let t = -52 + 156. Let d = t - 81. Calculate the remainder when 66 is divided by d.
20
Calculate the remainder when (-6 - (-3 - -2))/((-14)/1106) is divided by 36.
35
Suppose -n + y = -2, 0*n - 10 = -5*n - 5*y. Let u be 0*((-8)/n)/(-12). Calculate the remainder when u/(1/1) + 82 is divided by 21.
19
Suppose 4*c - 6 = 2*f, f - 1 + 4 = 4*c. Suppose c = -3*b - 5 + 2, 2*d = b + 37. What is the remainder when 53 is divided by d?
17
Calculate the remainder when 5 - -27*(-3 - -4) is divided by 9.
5
Let h be (-1)/((-4)/5 + 1). Suppose -t + g + 8 = 3*t, -3*t - 2*g + 17 = 0. What is the remainder when (-2 - h)/(t/14) is divided by 9?
5
Suppose 4*a - 94 = 5*b, 3*b - 2*a - 30 = -88. Let j = 27 + b. Suppose -j*g + 3*g + 54 = 0. What is the remainder when g is divided by 15?
12
Let b be (-26)/65 + 44/10. Suppose 36 = b*j - 256. Let l = j - 52. What is the remainder when 41 is divided by l?
20
Suppose -a - 6 = -4*a. Suppose -4*y = -h + 102, -2*h - 54 - a = 2*y. Let j = -13 - y. Calculate the remainder when 22 is divided by j.
9
Suppose 3*i = z + 6 + 23, 5*i - 4*z - 53 = 0. What is the remainder when 77 is divided by i?
5
Let j(q) = q**3 - 2*q**2 - 5*q + 10. Calculate the remainder when 4 is divided by j(3).
0
Calculate the remainder when 104 is divided by (1 - 11)*(-7)/2.
34
Let i = 22 + 145. Suppose 4*b = -0*z - z + 121, -5*b + 4*z = -i. Let o = b - 19. Calculate the remainder when 23 is divided by o.
11
Let s be 2/(-5) - 17/(-5). What is the remainder when 70 is divided by (2 + 6)*1*s?
22
Suppose -44*n + 4*q + 1900 = -39*n, -1479 = -4*n - 5*q. Calculate the remainder when n is divided by 54.
52
Let y be (2 + -4)/(2/(-3)). Suppose g = -h + y*h - 70, -h = g - 41. Calculate the remainder when h is divided by 10.
7
Suppose 2*s + 56 = 4*s. Let l = 154 - 119. Suppose 38*x = l*x + 18. What is the remainder when s is divided by x?
4
Let y be 2 + (1*-9)/3. Let j(f) = -5*f**2 - 2*f - 2. Let n be j(y). Let p = n - -12. What is the remainder when 13 is divided by p?
6
Let p(v) = 2*v**2 + 7*v + 4. Let c be p(5). Suppose -3*b - 2*f = -0*b - 63, 0 = -4*b - f + c. What is the remainder when b is divided by 13?
10
Suppose -7*p = -119 - 161. What is the remainder when 44 is divided by p?
4
Suppose 0 = -2*u - 3*m + 89, -2*m + 49 = u + m. What is the remainder when u is divided by 12?
4
Let n(t) = 6*t - 1. Let x(k) = -k + 6. Let f be x(3). Let y be n(f). Suppose 4*j - 15 = y. What is the remainder when 21 is divided by j?
5
Let b = 156 - 129. What is the remainder when b is divided by 20?
7
Let y(m) = m**3 + 4*m**2 - 8*m - 25. What is the remainder when 43 is divided by y(-4)?
1
Let s = -1346 - -1369. Calculate the remainder when 215 is divided by s.
8
Suppose -3*x = 2*x - 225. Let b(v) = 2*v**2 + 10*v + 17. Let w be b(-5). Suppose -w = -r - 1. What is the remainder when x is divided by r?
13
Suppose -44*i - 726 = -50*i. Suppose 2*v - 40 = -3*y + i, 0 = 5*v + 2*y - 375. Calculate the remainder when v is divided by 15.
13
Let s(g) = -2*g**2 - 80*g + 8. What is the remainder when s(-23) is divided by 18?
16
Suppose t - 4*b = 10 - 2, -b + 37 = 3*t. Let m be (-1)/(((-21)/t)/7). Suppose 5*r - 1 = m*r. What is the remainder when 2 is divided by r?
0
Let n = -219 + 238. What is the remainder when 30 is divided by n?
11
Let d be (-3)/2*40/(-12). Suppose -48 - 62 = -d*h. Calculate the remainder when h is divided by 8.
